. Is r(j) a prime number?
False
Suppose -2*f - 3*w = 3, 4*f - 5*w - 5 = f. Suppose f = i - 3 - 1. Suppose 4*b + 41 = 3*z, i*z - 12 = 3*b + 52. Is z a prime number?
True
Is (-389411)/(-33) + 16/24 composite?
False
Let w(a) = a**2 + 2*a + 1. Let p be w(-5). Suppose 0*z = 4*m + z + p, 0 = -5*z. Is (-6507)/(-45) + m/(-10) prime?
False
Let b(h) = 22*h**2 + 9*h - 10. Let n(a) = 10*a**2 + 5*a - 5. Let g(s) = -4*b(s) + 9*n(s). Suppose 5*v + 32 = v. Is g(v) a composite number?
True
Suppose 14 = x + 11. Suppose 2*d - 407 = -5*j, x*d - 4*j + 8*j = 593. Is d a composite number?
False
Suppose -21 = -3*q + 3*t, 0 = -6*q + 2*q + 5*t + 27. Let k(x) = -2*x**2 - 7*x - 15. Let m be k(q). Let z = m - -410. Is z a composite number?
False
Let n(i) = -8*i - 5. Let a be (-2)/((6/51)/(-1)). Let f = a - 24. Is n(f) composite?
True
Let w = 51 + -49. Suppose -4302 + 759 = -4*s + x, 3*x - 1789 = -w*s. Is s a composite number?
False
Let i be 3/(3/10) + -2. Suppose s - i = -2*s - a, 0 = 5*a + 5. Suppose -2103 = -3*c - 2*u - 50, c - s*u - 677 = 0. Is c a composite number?
False
Let z = 103 - 37. Let q = 48 + -16. Let i = z - q. Is i composite?
True
Is (-5880195)/(-270)*2/3 composite?
False
Suppose 2*k + 6711 = d, -6707 = -11*d + 10*d - 2*k. Is d prime?
True
Suppose -n + l = -9, -3*l = -n + 21 - 4. Suppose -3*v = 3*r - 9, n*r = -7*v + 3*v + 20. Let y(g) = 6*g**2 - 17*g + 6. Is y(r) a prime number?
False
Suppose 4*d - n = 4*n + 6811, 4*d + 3*n = 6851. Is d a prime number?
True
Suppose 3*p - 14 = -2*x, -x - p + 0*p = -8. Suppose 0 = 6*c - x - 14. Suppose -4*w + 600 = 4*f, -440 = -3*f - c*w + 3*w. Is f prime?
False
Suppose 14*q - 64673 = 7*q. Is q a prime number?
True
Let d = 50889 + -29030. Is d prime?
True
Suppose 2*r - 4 = -0*r. Suppose r*w = 4 - 0. Is 35 - (-3 + 3 + w) composite?
True
Let r = -10746 - -15581. Is r composite?
True
Let x be -2 + 4/(1/1). Suppose x*t - 20 = 6*t. Let y = t + 36. Is y composite?
False
Let o(y) = y**3 - 3*y + 3. Let t be o(2). Suppose 3765 = t*m - 2*i, 2*m + i = -m + 2270. Is m a composite number?
True
Suppose 6621 = q - 4*u, 2*q - 2*u - 13233 = -3*u. Is q composite?
True
Suppose -20 = -0*x - 5*x. Suppose -5*m = 3*v - 4*v - 2663, -x*m - 4*v + 2140 = 0. Is m a composite number?
True
Let l(d) = -3 + 2*d + 2*d - 16*d - 8. Is l(-9) prime?
True
Let w(k) = -k**2 + 8*k - 6. Let h be w(9). Let a be 3/(((-4)/(-1))/4). Is ((-662)/a)/(10/h) composite?
False
Suppose -3*m = 4*c - 564 + 9, 3*m - 564 = -c. Let i = -325 + m. Let r = i - -249. Is r a composite number?
False
Let f(p) be the first derivative of -173*p**5/30 + p**4/24 - 5*p**3/3 - 5. Let k(x) be the third derivative of f(x). Is k(-2) prime?
False
Suppose q + 4*r = -q, 0 = 5*q - 5*r - 30. Suppose -5*f + 4*n = 640, q*f = 2*f - 5*n - 223. Is (1 - -1)/((-8)/f) prime?
True
Suppose 2*f - 460 = m, 3*f + 4*m - 712 = -0*f. Let n = -49 + f. Is n composite?
True
Suppose -17*y + 26*y = 612369. Is y prime?
True
Let o(f) = 205*f - 3. Is o(8) prime?
True
Let b(f) = f**2 + 5*f - 4. Let c be b(3). Suppose c = -5*z, w - 4*z - 1788 = -3*w. Is w a composite number?
False
Let b be (-204)/((-5)/3 + 22/33). Suppose 2*c - i = -2*i + 393, 0 = -c + i + b. Is c a prime number?
True
Let x(y) be the third derivative of y**5/15 - y**4/24 + 5*y**3/2 - 20*y**2. Is x(8) composite?
False
Suppose i + 3 = 3*g - 7, 0 = 5*i + 5*g - 50. Suppose 4*a + 202 = -v, -a + 206 = -i*a - 3*v. Let c = a - -209. Is c composite?
True
Suppose 0 = w - 43 + 12. Suppose -w*m = -26*m - 485. Is m prime?
True
Let f = 73 - -121. Let w = 195 + f. Is w composite?
False
Suppose 0 = g - 1 - 1, 5*v - 2 = -g. Suppose -5*u + 193 + 192 = v. Is u prime?
False
Let n = -438 + 946. Let z = n + -137. Is z a prime number?
False
Let c(m) = -m**2 - 3*m + 2. Let u be c(-3). Is (-6180)/(-28) + u/7 composite?
True
Is (-425800)/60*(-6)/(-4)*-1 a prime number?
False
Let s(y) = -295*y - 226. Is s(-23) a composite number?
True
Suppose 0 = 5*y - 3*b - 41324, -5*y = 23*b - 18*b - 41300. Is y a prime number?
True
Let r be (-2)/8*(0 - 8). Suppose -5*t + 3819 = d, -r*t - t + 5*d + 2269 = 0. Is t prime?
False
Let r(p) = -2*p**2 - 39*p + 27. Let o be r(-20). Let y be ((-6)/9)/((-4)/870). Suppose o*l - y = 6*l. Is l prime?
False
Suppose 0*y - y + 4*i = -19, -5*y + 10 = -3*i. Let h(j) = 51*j**3 - j**2 - 2*j - 1. Let t be h(y). Let q = t - -94. Is q prime?
True
Suppose -7*f - 305 = 101. Let c(m) = -m**2 + m + 273. Let a be c(0). Let v = a + f. Is v a prime number?
False
Let c(f) = -218*f**3 - 2. Let i be c(2). Let v be i/(-7) - (-9)/(-21). Suppose -v = -5*h + 2*a, 5*h - 84 = -2*a + 157. Is h prime?
False
Suppose 2*s + 217007 = 258*b - 255*b, 0 = -4*b - 3*s + 289354. Is b prime?
True
Suppose -581*u = -576*u - 63445. Is u composite?
False
Suppose 236*a + 2019 = 239*a. Is a prime?
True
Let h = 31 + -29. Let r = 218 - -217. Suppose 4*w = 4*p + h*w - 1668, p + 4*w - r = 0. Is p composite?
False
Let d(n) = -n**2 + 91*n - 81. Is d(41) a composite number?
True
Is -3*42/(-36)*614 prime?
False
Let v(h) = 108*h**2 + 102*h + 83. Is v(13) composite?
False
Let i(j) = -j**3 + 5*j**2 + 7*j - 3. Let s be i(6). Suppose -4*k = 4*g + 3008, -3*k - 2280 = -0*g - s*g. Let o = -493 - k. Is o composite?
False
Suppose 51*i + 162276 = 63*i. Is i a composite number?
False
Suppose 4*n = 4*h + 12, 5*h + 1 = 3*n - 8. Suppose 3*p - 5*w = 8166, -n*p + 2*p - 2*w + 2722 = 0. Is p prime?
False
Let z = -115 - -208. Let t be 35/(-7) + 1 - -26. Let l = t + z. Is l prime?
False
Suppose -3*y + 5*y + 4 = 0. Let t(w) be the third derivative of -41*w**4/4 - 5*w**3/6 - 17*w**2. Is t(y) a prime number?
True
Let t(h) = 174*h**2 + 30*h - 1. Is t(15) prime?
False
Is ((-1)/(6/(-4)))/(126/36099) composite?
False
Suppose 3 = -3*i - 0*i, 2*i + 5 = h. Suppose -n + 5*g - h = 0, -n + 2*g = 5*g + 3. Is (1 - 460)/n - -2 prime?
False
Is (-2)/13 + (19640/65 - 3) prime?
False
Suppose 0*m - 8 = -4*m. Let i(d) = 60*d - 4. Let n be i(m). Suppose -w + 3*b + 2*b + n = 0, 3*b = w - 106. Is w prime?
False
Let d(b) = -31*b - 3. Let a(x) = x**2 + 3*x + 2. Let z be a(-2). Suppose -4*m + l - 12 = -z*l, 0 = -2*m + 4*l - 20. Is d(m) composite?
False
Suppose 8*u - 300406 = 41074. Is u composite?
True
Let w(c) = -c**2 - 18*c + 39. Let v be w(-17). Suppose v = 21*h - 20*h + 2*r, -5*r + 209 = 4*h. Is h a prime number?
False
Let s(u) = 2*u**2 + 4*u. Let n be s(-3). Is (n/4)/(2/172) composite?
True
Let a be -1 + -1 + 1 + 497. Suppose -3*g + 9 = 0, 6*n - 4*g - 69 = 5*n. Suppose 4*i - 5*u - a = 0, -4*i = -3*u - 407 - n. Is i a composite number?
True
Suppose -16 = -4*p, 8*p = -3*g + 3*p + 7514. Is g a composite number?
True
Let o(n) = -3436*n - 583. Is o(-9) a composite number?
False
Let s be 1*((-1 + 2)/(-1) - -3). Suppose s*n = -y + 2 + 100, 0 = 5*n + 2*y - 257. Is n a prime number?
True
Let b(d) = 4*d**3 + 3*d**2 - 6*d - 14. Let x be b(-5). Let z = x - -658. Is z prime?
False
Is 2 + (-6 - -2) + 0 + 5344 composite?
True
Let j be -4 + 3 + -2 - -3. Suppose j = -3*w + w - 30. Let f = w - -26. Is f composite?
False
Suppose 14*k - 3621 - 16049 = 0. Is k a composite number?
True
Suppose -3*q - m = -23425, -2*q + 3*q - m = 7803. Is q a composite number?
True
Let v(o) = -2*o**2 - 10*o + 14. Suppose 12 = -6*t + 4*t. Is v(t) a prime number?
True
Suppose 0 = 13*u - 32531 - 7886. Is u a composite number?
False
Let f = 263 + -30. Suppose 3*x + 2*c = f, 3*x + 152 = 5*x - 2*c. Is x a composite number?
True
Let m(x) = 60*x + 35. Let o be m(14). Let h = o + 8. Is h prime?
True
Let t(f) be the second derivative of 57*f**5/10 + f**4/12 - f**3/6 + f**2/2 - 4*f. Is t(1) composite?
True
Is (5/2)/((-40)/(-118960)) a prime number?
False
Suppose -q - 2*q = 21954. Let d = q + 5179. Is 6/8 + d/(-12) a prime number?
True
Let b(f) = 39*f**2 + 45*f - 5. Is b(25) composite?
True
Let y(s) = 2*s**3 + 7*s**2 - 70*s + 59. Is y(16) a composite number?
False
Suppose 2*v + z = 9445, 4*v + 3*z - 5294 = 13599. Is v a composite number?
False
Suppose y + 1138 = 2883. Is y prime?
False
Suppose -d + 96 = -2*d. Let k = d - -307. Is k prime?
True
Is -2 - (-466550)/22 - (-40)/220 a composite number?
True
Let v be (-1 - 18305/(-15)) + 1/(-3). Suppose v = 11*z - 112. Is z a composite number?
True
Suppose -9 = -5*x + 16. Suppose 180 = -x*l - 0*l. Is 3*(-524)/l*3 a prime number?
True
Let s(a) = 2*a + 3. Let i be s(-